 is the units digit of z?
2
Let q = 31 + -34. Let t be 1656/(-27)*q/1. Suppose 0 = -j - 64 + t. What is the hundreds digit of j?
1
What is the ten thousands digit of ((-399636)/(-510))/(6/130)?
1
Let t(l) = l**3 + 27*l**2 + 26*l - 100. Let v be t(-26). Let q = v - -695. What is the hundreds digit of q?
5
Let c(l) = -7*l + l + 2*l**3 - 6 - 3*l**3. Let d(q) = -q**2 - 42*q - 324. Let z be d(-10). What is the tens digit of c(z)?
8
What is the units digit of 11586 + 6/(-18)*21 - 12/2?
3
Let l(j) = 21*j + 3. Let x be l(-3). Suppose -11*d + 12*d = -2*t - 201, 5*d + 3*t = -963. Let k = x - d. What is the tens digit of k?
2
Suppose -2*o + 12 = 14*m - 13*m, 3*o - 19 = -2*m. What is the hundreds digit of (732/(-15))/(o + 26/(-5))?
2
Suppose 0 = -o + 4*l + 326 - 88, 4*o = -2*l + 970. Let s = 150 + o. Suppose 0 = -2*r + 8, -2*w = -0*w + 3*r - s. What is the tens digit of w?
9
Suppose u + 2 = 20. Suppose 47*r + 76*r = 37*r + 430. Suppose -q + 2*j + 20 = 0, j = -q + r*j + u. What is the units digit of q?
2
Suppose -349996 = -35*l - 33*l. What is the thousands digit of l?
5
Let p(g) = -200*g**2 + 2*g + 18. Let k(d) = -399*d**2 + 3*d + 37. Let v(t) = 4*k(t) - 9*p(t). What is the units digit of v(-2)?
4
What is the tens digit of (1 + 1)/1*229336/109?
0
Let b = -5 - -18. Let n = -7 + 81. Let g = b + n. What is the tens digit of g?
8
Suppose -28657 = -2*m + a, -m = -5*a - 17797 + 3455. What is the thousands digit of m?
4
Let g(j) = -1897*j - 12456. What is the ten thousands digit of g(-35)?
5
Let q = 38614 + -22246. Suppose -2*b - 14*b = -q. What is the hundreds digit of b?
0
Let h be (-2)/7 - (1278/(-14) + 1). Let x be 9/(h/4)*350. Let k = -43 + x. What is the tens digit of k?
9
What is the tens digit of 1/(-2)*(-132)/(-66)*-13729?
2
Let p(a) = a**3 + 72*a**2 + 366*a - 89. What is the hundreds digit of p(-61)?
5
Let h = 6940 + -3522. What is the tens digit of h?
1
Let w(n) = 7*n**2 + n. Let y be w(1). Let g(d) = 4*d + 1. Let l be g(y). Suppose 29*f + 808 = l*f. What is the units digit of f?
2
Let n = -126 + 201. Let q be (-21)/((-13)/5 + 2). Let t = n + q. What is the units digit of t?
0
Let b = -4 - -30. Let n = b - 24. Suppose -n*a = -6*a + 364. What is the tens digit of a?
9
Suppose 1899138 = 31*s - 2*j, -4*s - j = -2*s - 122516. What is the units digit of s?
2
Let d = -29692 + 45897. What is the thousands digit of d?
6
Let t(l) = 75*l**2 - 40*l + 179. What is the thousands digit of t(14)?
4
Let w(o) = o**3 + 43*o**2 + 130*o + 1785. Let v be w(-41). Let m = -708 + 418. Let t = v - m. What is the hundreds digit of t?
1
Suppose 0 = -w + 14 - 12. Let q be (w/(-4) - (-6)/4) + -4. What is the hundreds digit of (-2420)/(-15) + q/9?
1
Let w be (-400)/180 + 4/18 + 0. What is the tens digit of (-233)/w*2 + -2?
3
Let p(m) = 18*m - 192. Suppose 92*a - 89*a = 45. What is the units digit of p(a)?
8
Let n = 36301 - -1167. What is the thousands digit of n?
7
Suppose y + 135*f = 130*f + 3206, -3*y - f = -9618. What is the tens digit of y?
0
Suppose -2*s - 5*o + 73 = 0, s + s - 5*o = 23. Suppose -s*h - 354 = -30*h. What is the tens digit of h?
5
Let l(s) = 12393*s**2 - 26*s + 59. What is the units digit of l(2)?
9
Suppose 0 = 3*c - 2*r + 1985, 4*c + 3891 - 1249 = 5*r. Let v = -358 - c. Suppose 2*l - v = -5*i, -2*l + 3*i + 299 = 6*i. What is the hundreds digit of l?
1
Let w = 186 + 114. Suppose -3*l + w = -969. What is the tens digit of l?
2
Let t be ((-2228)/(-6))/(5/((-90)/(-12))). Let v = t - 201. What is the tens digit of v?
5
Let d(w) be the third derivative of -8*w**4/3 + 13*w**3/6 + 164*w**2. What is the units digit of d(-12)?
1
Let l(a) = 3*a + 71. Let k be l(-19). Let w(p) = -3*p + 18. Let c be w(k). What is the hundreds digit of (-4892)/c + (-1)/(-6)?
2
Let s = -527 - -538. Suppose 1720 + 337 = s*k. What is the hundreds digit of k?
1
Let d be 2/2 - (4 - 20). Suppose -d*v + x = -20*v + 356, x - 476 = -4*v. What is the hundreds digit of v?
1
Suppose -181077 = -7*l - m, -4*m + 10644 = -3*l + 88244. What is the units digit of l?
8
Suppose -a + 2*o = -67 - 12263, 0 = 2*a + 2*o - 24630. What is the units digit of a?
0
Let g be (-3647)/7 + 1 - 7. What is the tens digit of 4144/34 - 62/g?
2
Let g(c) = -c**3 - 6*c**2 + c - 15. Let b be g(-15). Suppose -2*o + 7*o - 2*u = b, -5*o = 4*u - 1995. What is the hundreds digit of o?
3
Suppose 9*r - 28*r = 4*r - 34201. What is the hundreds digit of r?
4
Let q(j) = -j**3 + 7*j**2 - 9*j - 5. Let c be q(5). Suppose c = -3*g - o + 1024, 5*g + 5*o = 2*g + 1004. What is the hundreds digit of g?
3
Let x = -12014 + 15767. What is the tens digit of x?
5
Let d = -852 + 865. Suppose -4*p + 6081 = -5*k, -4*p - d*k + 17*k + 6080 = 0. What is the hundreds digit of p?
5
Let q(g) = -18*g - 55. Let f be q(-5). Suppose -v = -2*a - f, 5*v - 2*a - 175 = -0*v. Suppose w - v - 65 = 0. What is the units digit of w?
0
Let k be ((-21)/(1/1))/(-1). Suppose -3*j + 15 + 1 = 4*m, -5*j - m = -k. Suppose 5*q = -6*z + 2*z + 410, 2*q = j. What is the hundreds digit of z?
1
Let w = 10749 - 5971. What is the thousands digit of w?
4
Let a(n) = n + 19. Let h be a(-12). Let u = h + -7. Suppose u = 9*x - 4*x - 4*f - 111, -5*x + 91 = f. What is the units digit of x?
9
What is the units digit of (4260/8)/15*26?
3
Suppose 0 = -15*q + 8 + 22. What is the units digit of q - (-2180)/4 - 3?
4
Let y(w) = -11*w**3 - 18*w**2 - 24*w + 22. Let r(x) = 24*x**3 + 38*x**2 + 48*x - 46. Let l(j) = 6*r(j) + 13*y(j). What is the tens digit of l(10)?
7
Suppose -5*x = -78 + 8. Let t = 65 + x. What is the units digit of t?
9
Suppose 12*x - 17*x = -35. Suppose x*g - 3448 = -1236. What is the tens digit of g?
1
Let b = -1698 + 820. Let a = 1293 + b. What is the units digit of a?
5
Suppose -y + 170 = -1829. Let z = -143 + y. Suppose -7*a = a - z. What is the tens digit of a?
3
Suppose 75959 + 26132 = 2*t + q, 4*t = 4*q + 204176. What is the tens digit of t?
4
Suppose 3*c = -396*p + 398*p + 39263, -4*c + 52318 = 2*p. What is the tens digit of c?
8
Let j(u) = -421*u**3 - 2*u**2 - u + 2. Let p be j(1). Let d = 247 + p. Let s = -9 - d. What is the units digit of s?
6
Let a(q) = -q + 1. Let w(d) = -385*d**2 - 3*d + 8. Let h(b) = -3*a(b) + w(b). Let z be h(3). What is the units digit of ((-6)/(-15) + z/25)/(-2)?
9
Suppose c + 7337 = 3*n, -12228 = 17*n - 22*n + 2*c. What is the tens digit of n?
4
Suppose -q + 5436 = 5*m, 0 = -44*q + 42*q + 4*m + 10900. What is the tens digit of q?
4
Let j be (7/(-3) + 2)*(2 - 5). Let n(i) = 1579*i - j + 0 - 1573*i. What is the units digit of n(6)?
5
Suppose 6*k = 2051 - 113. Suppose -x = -4*h + 5*h - 343, -k = -h + 4*x. Let s = 499 - h. What is the tens digit of s?
6
Let g(a) = -7*a**2 + 54*a + 6. Let v be g(8). Let f(k) = -18*k - 122. What is the tens digit of f(v)?
5
What is the hundreds digit of (-10)/15 + (-38590)/(-6)?
4
Let x(a) = a**3 - 6*a**2 - 5*a. Let b = -37 - -25. Let h = b - -19. What is the units digit of x(h)?
4
What is the units digit of (((-62510)/(-25))/7)/(40/1000)?
0
Suppose -2*j - c + 1 = -59, 0 = 5*j - 4*c - 137. Suppose 0 = -j*h + 18*h + 902. What is the units digit of h?
2
What is the units digit of 6 - (2/(-3))/(14/138411)?
7
Suppose 0 = 5*t + 3*f - 7585, -t - 322*f + 1517 = -325*f. What is the tens digit of t?
1
Let r(a) be the third derivative of a**6/120 + a**5/30 - 23*a**4/24 + 8*a**3/3 - 2*a**2 - 27. What is the hundreds digit of r(8)?
4
Let r(p) = -196*p**3 - 63*p**2 - 331*p - 12. What is the tens digit of r(-6)?
4
Let s be 141522/7 + ((-90)/(-35) - 3). Suppose 74*t - 51*t = s. What is the tens digit of t?
7
Let z(t) be the third derivative of -t**6/120 - 11*t**5/60 - 19*t**4/24 - 8*t**3/3 + 13*t**2. Let a be z(-7). Let s = 335 + a. What is the hundreds digit of s?
2
Let d be 57/2*(-80)/(-6). What is the tens digit of d - (-9)/((-81)/63)?
7
Let b be (0 - -30)/(-4 + 3). Let v = -34 + 88. Let m = v - b. What is the tens digit of m?
8
Let v = -1478 + 2149. Suppose -4 = 3*g - 1, 2*q + g - v = 0. What is the units digit of q?
6
Suppose -4*y = 209*l - 204*l - 13369, 5*l - 13327 = 3*y. What is the tens digit of l?
6
Let d(u) = -219*u - 48. Let a be d(-3). Let r = -286 + a. What is the hundreds digit of r?
3
Suppose 4*r = -5*m + 509, -7*r + 3*r = m - 489. Suppose -13*v = -14*v + r. What is the tens digit of v?
2
Suppose -131358 + 14058 = -85*p. 